ivative of y**3/3 + y**2/2 - 3*y - 2. Let t be c(-4). Suppose t*g - 11*g = -64. List the prime factors of g.
2
Let o = 3 + 5. Suppose -o*t + 42 = -5*t. List the prime factors of t.
2, 7
Suppose -d = -3*k - 42, k - 14 + 32 = -d. List the prime factors of ((-12)/k)/((-3)/(-180)).
2, 3
Suppose -3375 = -5*f - 2*s, 9 + 6 = -3*s. What are the prime factors of f?
677
Let g = 3951 + -2284. What are the prime factors of g?
1667
Suppose 4*w - 2 = 2. Let g(m) = m + 1. Let f(s) = 5*s + 20. Let d(b) = w*f(b) - 2*g(b). What are the prime factors of d(9)?
3, 5
Let p(l) = 16*l + 13. Let w be p(14). What are the prime factors of w/(1/2 + -3 + 4)?
2, 79
Suppose -3*f = h + f - 20, -2*h + 28 = 5*f. Suppose -h*r = -0*r - 92. Let k = -9 + r. What are the prime factors of k?
2, 7
Let z be 2/(3 - (-20)/(-8)). Suppose 11 = -z*f + 7. List the prime factors of 3 - (-31)/(f + 2).
2, 17
Let k(b) = -38*b + 61. What are the prime factors of k(-4)?
3, 71
What are the prime factors of (739/(-2))/(45/(-270))?
3, 739
What are the prime factors of -8*444/(-72)*3?
2, 37
Let f = -472 - -1513. What are the prime factors of f?
3, 347
Let a(i) = 6*i - 35. Let h be a(16). Let n = 113 - h. What are the prime factors of n?
2, 13
Let o(p) = 3*p**2 + 3*p. Let s(v) = -v**2 + 1. Let g(z) = -o(z) - 5*s(z). Let u be g(5). List the prime factors of (2/6)/(1/u).
2, 5
Let q(y) = -y**3 + 10*y**2 - 8*y - 6. Let t be (-7)/35 + (-46)/(-5). Let l be q(t). Suppose -l*j + 58 + 51 = 5*s, s - 3*j = 29. List the prime factors of s.
23
Suppose 4*q + 2*u - 580 - 1382 = 0, 4*u = -3*q + 1459. List the prime factors of q.
17, 29
Suppose 11186 + 506 = 4*l - 5*a, 3*l + 2*a - 8792 = 0. What are the prime factors of l?
2, 3, 61
Let x(s) = s**3 + 7*s**2 - 10*s - 8. Let q be 2/(-8) + 4/(80/(-155)). List the prime factors of x(q).
2
Let k = -2373 - -3507. What are the prime factors of k?
2, 3, 7
Suppose 3*z - 843 = -0*z - 3*n, -5*n - 10 = 0. What are the prime factors of z?
283
Suppose a - 4 = 0, 4*a + 1018 = -0*c + 2*c. List the prime factors of c.
11, 47
Let j = -15 - -18. Let x(k) = 6*k**3 - 5*k**2 - 3*k - 2. List the prime factors of x(j).
2, 53
Let m be 0*(3 - (-7)/(-2)). Suppose 3*k + j - 268 = m, -2*k + 3*j = 4*j - 177. List the prime factors of k.
7, 13
Let q(c) = -28*c - 168. Let k(p) = -2*p - 13. Let w(s) = 77*k(s) - 6*q(s). List the prime factors of w(2).
5, 7
Let v = 1292 - 73. What are the prime factors of v?
23, 53
Let l be 6/4 - 18/12. Suppose -5*i + l*b + 87 = -b, 5*b = -i + 33. What are the prime factors of i?
2, 3
Let y(p) = -30 - 4*p - 15*p + 10*p. List the prime factors of y(-10).
2, 3, 5
Let f(y) = 6*y**2 + 9*y - 8. Let a be f(3). List the prime factors of a - 0/(6 - 3).
73
Suppose j + 0*f = -2*f + 6, -5*j + 2*f = -18. Suppose 2*g = k + 3, 2*g - 2*k = 2 - 0. Suppose -g*h + 2 + j = 0. List the prime factors of h.
3
Let m(n) = 18*n + 3. What are the prime factors of m(22)?
3, 7, 19
Let j(r) be the first derivative of -r**3/3 + r - 4. Let x be j(-1). Suppose x = 5*g - 27 + 2. List the prime factors of g.
5
Let f(i) = 6*i**2 + 21*i + 109. What are the prime factors of f(-19)?
2, 7, 67
Let o = -733 - 17. Let y be (o/(-9))/((-3)/(-9)). Suppose 2*c - y = -3*c. List the prime factors of c.
2, 5
Suppose 5*j - 3*n - n = -2, -3*n + 13 = 2*j. What are the prime factors of (3 - -218) + j + -6?
7, 31
Let b(s) = 5*s - 17. Let o be b(4). Suppose 0 = 3*f + 15, 0 = -5*m + o*f + 442 + 188. List the prime factors of m.
3, 41
Let v = 2006 - 995. List the prime factors of v.
3, 337
Let j be 189*(-13)/(364/(-120)). Suppose -4*x + j = x. Suppose -4*n - 14 = -x. List the prime factors of n.
37
Let y(s) = -9*s - 60*s - 17 - 53*s. What are the prime factors of y(-2)?
227
Suppose 5*v - 19 = 3*x, -x - 2 - 1 = 0. Suppose -1 - 35 = -v*k. Let f = 35 - k. List the prime factors of f.
17
Let y(b) = -b**3 + 7*b**2 + 8*b + 6. Let s be y(8). Let x be (60/(-16))/(s/16). Let q = x - -28. What are the prime factors of q?
2, 3
Let t(z) = -5*z**2 - 5*z + 0*z + 2 + 6*z**2. Let v be t(5). Suppose v*p = 3*p - 2. What are the prime factors of p?
2
Suppose 6*n = 3*n. Let u be -10*(1 + 14/(-10)). Suppose n = -2*b - 5*j + 7, u*b + 3*j = -0*j + 21. What are the prime factors of b?
2, 3
Let t(v) = -124*v**3 + 4*v**2 + 4*v. List the prime factors of t(-3).
2, 3, 281
List the prime factors of 6 - -2 - -2066 - 0.
2, 17, 61
Let u(f) = 442*f**2 - 2. List the prime factors of u(-2).
2, 883
Suppose -h = 14 - 17. Suppose 10 = -3*t + h*q + 43, -5*q = -t + 7. What are the prime factors of (18/4)/(t/80)?
2, 3, 5
Let p(i) = -i**3 + 3*i**2 + 5*i. Let t be p(-8). Suppose 2*v + y - t = -2*v, 0 = y. Let b = v - 100. What are the prime factors of b?
2, 3, 11
Let q = -25 + 29. Suppose 0*d + q*v = 3*d - 284, -v + 104 = d. What are the prime factors of d?
2, 5
Suppose 2*r - 7*r - 50 = 0. Let k = 34 + r. List the prime factors of k.
2, 3
Let n(s) = -s**3 - 14*s**2 + s + 10. Let t(f) = -9 + f**3 - 2*f + f**3 + 13*f**2 - f**3. Let g(v) = 3*n(v) + 4*t(v). List the prime factors of g(-10).
2, 11
Suppose 20*u + 5*h = 24*u - 11502, 0 = u - 2*h - 2877. List the prime factors of u.
13, 17
Let o be 2*(-2)/(-2)*3. Let h = o + -5. Suppose -4*j + 15 = -h. List the prime factors of j.
2
Let o = 189 + -103. Let f = o + -70. List the prime factors of f.
2
Suppose 16 = 2*d + 2*q, -2*d = -4*q + 12 + 2. List the prime factors of -112*(d - 5)/2.
2, 7
Let c be 1 + 10/(-15) + 514/6. Let a = c + -45. List the prime factors of a.
41
Let l be 5/((5/11)/5). Suppose -d + 7 = -l. What are the prime factors of d?
2, 31
List the prime factors of 6/(-8) - 1174194/(-504).
17, 137
Suppose c - 548 = 427. What are the prime factors of c?
3, 5, 13
Let p = 34 + -40. List the prime factors of (-6)/((p/(-95))/((-8)/5)).
2, 19
Let j(d) = -d**3 - 2*d**2 - 3. Let a be j(-4). Let g = a - 13. What are the prime factors of g*6/4 - 1?
23
Suppose -25*f + 22253 = -14*f. What are the prime factors of f?
7, 17
Let c = 300 + -152. Suppose -c = -6*t - 16. List the prime factors of t.
2, 11
Suppose r = -5*x - r + 3050, 602 = x + 2*r. List the prime factors of x.
2, 3, 17
Suppose 80*v = 83*v - 7098. List the prime factors of v.
2, 7, 13
List the prime factors of (-2)/(-4) - (-11244)/24.
7, 67
Suppose -11 = -2*y - 5. Suppose 3*w - y = 18. Suppose -32 + 193 = w*t. What are the prime factors of t?
23
List the prime factors of 810/(6/1) - 5.
2, 5, 13
Suppose -3*n - 3*q + 111 + 15 = 0, 183 = 4*n + q. Let h = 69 - n. List the prime factors of h.
2, 11
Suppose -5*d - 5*l + 67 + 1523 = 0, -2*d = -2*l - 616. List the prime factors of d.
313
Let m(y) = -y**2 - y + 27. Let z be m(0). Suppose 0 = -5*i + 38 + z. List the prime factors of i.
13
List the prime factors of (-3588)/(-10)*40/16.
3, 13, 23
Let d = -2 + 30. Suppose -2*k = -60 - d. What are the prime factors of k?
2, 11
Suppose 7 = 4*n + 3. Let d be 0*n/2 - 0. Suppose y = k + 6, d*y = 2*y - 4*k - 6. List the prime factors of y.
3
Let b = -153 + 92. Let s = b - -121. What are the prime factors of s?
2, 3, 5
Let a(x) = -x**3 - 26*x**2 + 12*x - 75. List the prime factors of a(-27).
2, 3, 5, 11
Suppose 17368 + 10748 = 18*u. What are the prime factors of u?
2, 11, 71
Suppose -2*s - 8 = 0, -217 = -4*c - 2*s - 29. Suppose i - 4*x = c, 12*i = 8*i + x + 166. List the prime factors of i.
41
Let z(u) = -u**2 - 8*u - 1. Let x be z(-7). Suppose -21*n + 23*n = x. Suppose l = 2*s + 2*l - 42, s + n*l - 31 = 0. List the prime factors of s.
19
Let m(h) = 65*h**2 - 36*h + 67. List the prime factors of m(2).
3, 5, 17
Let r(m) = -3*m - 14 - 2*m + 7 + 8. Let w = 1 - 3. List the prime factors of r(w).
11
Let c(l) = -2*l**3 - 7*l**2 - 17*l - 17. What are the prime factors of c(-6)?
5, 53
Let z(b) = -b - 8. Let f(i) = -i**2 - 3*i - 3. Let l be f(-4). Let y be z(l). Let j(a) = 10*a**2 + a. List the prime factors of j(y).
3
Suppose -3*k - 6*q + q = 17, 19 = -k + 5*q. Let o = k + 35. What are the prime factors of o?
2, 13
Let h(o) = -o. Let p(v) = -v**2 + 4*v + 13. Let x(j) = 3*h(j) + p(j). Let y(u) = -u - 3. Let i be y(-3). What are the prime factors of x(i)?
13
Suppose 94*x = -3*h + 99*x + 4455, -5*h + 2*x + 7406 = 0. What are the prime factors of h?
2, 5, 37
Let x(m) = 66*m**2. Let u be x(-1). Let d = 120 - u. List the prime factors of d.
2, 3
Suppose 3*q - 219 = 36. Suppose -128 = -5*b - k, k